{"id":8099,"date":"2021-03-16T17:48:36","date_gmt":"2021-03-16T16:48:36","guid":{"rendered":"https:\/\/iesplazadelacruz.educacion.navarra.es\/web1\/?page_id=8099"},"modified":"2022-03-25T20:05:49","modified_gmt":"2022-03-25T19:05:49","slug":"bachillerato-de-investigacion","status":"publish","type":"page","link":"https:\/\/iesplazadelacruz.educacion.navarra.es\/web1\/bachillerato-de-investigacion\/","title":{"rendered":"Bachillerato de investigaci\u00f3n"},"content":{"rendered":"\n<div class=\"wp-block-media-text alignwide is-stacked-on-mobile\" style=\"grid-template-columns:28% auto\"><figure class=\"wp-block-media-text__media\"><img loading=\"lazy\" decoding=\"async\" width=\"441\" height=\"453\" src=\"https:\/\/iesplazadelacruz.educacion.navarra.es\/web1\/wp-content\/uploads\/2021\/03\/IMG-20210308-WA0000-2.jpg\" alt=\"\" class=\"wp-image-8125 size-full\" srcset=\"https:\/\/iesplazadelacruz.educacion.navarra.es\/web1\/wp-content\/uploads\/2021\/03\/IMG-20210308-WA0000-2.jpg 441w, https:\/\/iesplazadelacruz.educacion.navarra.es\/web1\/wp-content\/uploads\/2021\/03\/IMG-20210308-WA0000-2-292x300.jpg 292w\" sizes=\"auto, (max-width: 441px) 100vw, 441px\" \/><\/figure><div class=\"wp-block-media-text__content\">\n<p class=\"has-pale-cyan-blue-background-color has-background has-normal-font-size\"><em><strong>El Instituto Plaza de la Cruz ofrecer a sus alumnos y alumnas un programa educativo: el \u201cBachillerato de investigaci\u00f3n\u201d, adaptado a todas a las modalidades de bachillerato y a\u00f1adiendo caracter\u00edsticas de un valor singular. En colaboraci\u00f3n con instituciones, organismos oficiales y empresas, ponemos en pr\u00e1ctica una metodolog\u00eda que se aproxima a la utilizada en la universidad y en el mundo profesional.<\/strong><\/em><\/p>\n<\/div><\/div>\n\n\n\n<figure class=\"wp-block-embed is-type-video is-provider-youtube wp-block-embed-youtube wp-embed-aspect-16-9 wp-has-aspect-ratio\"><div class=\"wp-block-embed__wrapper\">\n<iframe loading=\"lazy\" title=\"El Bachillerato de investigaci\u00f3n en el IES Plaza de la Cruz\" width=\"500\" height=\"281\" src=\"https:\/\/www.youtube.com\/embed\/pzCCjU1xgPs?feature=oembed\" frameborder=\"0\" allow=\"accelerometer; autoplay; clipboard-write; encrypted-media; gyroscope; picture-in-picture; web-share\" referrerpolicy=\"strict-origin-when-cross-origin\" allowfullscreen><\/iframe>\n<\/div><\/figure>\n\n\n\n<p class=\"has-black-color has-text-color has-medium-font-size\"><strong>\u00bfEn qu\u00e9 consiste?<\/strong><\/p>\n\n\n\n<p>En realizar un trabajo de investigaci\u00f3n utilizando el m\u00e9todo cient\u00edfico. Los alumnos que se inscriben eligen un tema de su inter\u00e9s y lo desarrollan durante los dos cursos del Bachillerato. Pero no empiezan desde cero: reciben una formaci\u00f3n inicial.\u00a0Una vez preparados, desarrollan el\u00a0 <strong>trabajo\u00a0 de campo<\/strong> en alguna de las instituciones o empresas colaboradoras que participan en el programa. Finalmente, redactan una <strong>memoria<\/strong> que es evaluada por una comisi\u00f3n de profesores y profesoras y recibe una calificaci\u00f3n.\u00a0<\/p>\n\n\n\n<p>Durante todo este proceso, cada alumno o alumna est\u00e1 <strong>asesorado<\/strong> por un tutor (profesorado del Instituto) y otro tutor, esta vez de la instituci\u00f3n donde realiza la investigaci\u00f3n. Ambos le gu\u00edan a lo largo de todo el trabajo.<\/p>\n\n\n\n<p>Ello supone un esfuerzo adicional, pero se ve recompensado, ya que la calificaci\u00f3n obtenida en este trabajo sirve para <strong>elevar la nota media del Bachillerato<\/strong>.\u00a0<\/p>\n\n\n\n<p>Tambi\u00e9n les concede otras ventajas:\u00a0<\/p>\n\n\n\n<ul class=\"wp-block-list\" id=\"block-fed19fe3-0b25-41c0-ae33-78440f1ac995\"><li>iniciarse en la actividad investigadora;<\/li><li>conocer la metodolog\u00eda de estudio de la universidad, y el modo de trabajar de los profesionales investigadores;&nbsp;<\/li><li>posibilidad de participar en encuentros regionales o estatales con otros j\u00f3venes investigadores;<\/li><li>obtener un certificado de haber cursado un Bachillerato de investigaci\u00f3n que podr\u00e1 incorporar a su curr\u00edculum.&nbsp;<\/li><\/ul>\n\n\n\n<p class=\"has-medium-font-size\"><strong>\u00bfQu\u00e9 requisitos se necesitan?<\/strong><\/p>\n\n\n\n<p>El requisito b\u00e1sico es <strong>haber aprobado todas las asignaturas de 4\u00ba de ESO con un promedio m\u00ednimo de 7<\/strong>. Pero el requisito principal es tener <strong>ganas de aprender<\/strong> y desarrollar nuevas capacidades, adem\u00e1s de buscar la excelencia en el trabajo.<\/p>\n\n\n\n<p>Para apuntarse, el alumno o alumna indicar\u00e1 su inter\u00e9s en cursar este programa en la preinscripci\u00f3n. Si el n\u00famero de alumnos interesados supera el n\u00famero de plazas, se realizar\u00e1 un baremo de selecci\u00f3n.<\/p>\n\n\n\n<p>\u00bfTe interesa? Si tienes cualquier duda, puedes <strong>realizar tu consulta<\/strong> en la siguiente direcci\u00f3n de correo electr\u00f3nico:<\/p>\n\n\n\n<p class=\"has-black-color has-text-color has-medium-font-size\">                                                             <a href=\"mailto:bachilleratoimas@educacion.navarra.es\">bachilleratoimas@educacion.navarra.es<\/a><\/p>\n\n\n\n<div class=\"wp-block-image\"><figure class=\"aligncenter is-resized\"><img loading=\"lazy\" decoding=\"async\" src=\"https:\/\/pymstatic.com\/49637\/conversions\/diseno-investigacion-wide.jpg\" alt=\"\" width=\"690\" height=\"388\" \/><\/figure><\/div>\n\n\n\n<p class=\"has-text-align-center has-medium-font-size\"><strong>\u00a1\u00c1nimo! \u00a1La investigaci\u00f3n es una aventura! \u00a1Y de las apasionantes!<\/strong><\/p>\n","protected":false},"excerpt":{"rendered":"<p>El Instituto Plaza de la Cruz ofrecer a sus alumnos y alumnas un programa educativo: el \u201cBachillerato de investigaci\u00f3n\u201d, adaptado a todas a las modalidades de bachillerato y a\u00f1adiendo caracter\u00edsticas de un valor singular. En colaboraci\u00f3n con instituciones, organismos oficiales y empresas, ponemos en pr\u00e1ctica una metodolog\u00eda que se aproxima a la utilizada en la [&hellip;]<\/p>\n","protected":false},"author":5,"featured_media":8101,"parent":0,"menu_order":0,"comment_status":"closed","ping_status":"closed","template":"page_landing.php","meta":{"_genesis_hide_title":true,"_genesis_hide_breadcrumbs":true,"_genesis_hide_singular_image":false,"_genesis_hide_footer_widgets":false,"_genesis_custom_body_class":"","_genesis_custom_post_class":"","_genesis_layout":"full-width-content","footnotes":""},"class_list":{"0":"post-8099","1":"page","2":"type-page","3":"status-publish","4":"has-post-thumbnail","6":"entry"},"featured_image_src":"https:\/\/iesplazadelacruz.educacion.navarra.es\/web1\/wp-content\/uploads\/2021\/03\/IMG-20210308-WA0000.jpg","featured_image_src_square":"https:\/\/iesplazadelacruz.educacion.navarra.es\/web1\/wp-content\/uploads\/2021\/03\/IMG-20210308-WA0000.jpg","_links":{"self":[{"href":"https:\/\/iesplazadelacruz.educacion.navarra.es\/web1\/wp-json\/wp\/v2\/pages\/8099","targetHints":{"allow":["GET"]}}],"collection":[{"href":"https:\/\/iesplazadelacruz.educacion.navarra.es\/web1\/wp-json\/wp\/v2\/pages"}],"about":[{"href":"https:\/\/iesplazadelacruz.educacion.navarra.es\/web1\/wp-json\/wp\/v2\/types\/page"}],"author":[{"embeddable":true,"href":"https:\/\/iesplazadelacruz.educacion.navarra.es\/web1\/wp-json\/wp\/v2\/users\/5"}],"replies":[{"embeddable":true,"href":"https:\/\/iesplazadelacruz.educacion.navarra.es\/web1\/wp-json\/wp\/v2\/comments?post=8099"}],"version-history":[{"count":51,"href":"https:\/\/iesplazadelacruz.educacion.navarra.es\/web1\/wp-json\/wp\/v2\/pages\/8099\/revisions"}],"predecessor-version":[{"id":10739,"href":"https:\/\/iesplazadelacruz.educacion.navarra.es\/web1\/wp-json\/wp\/v2\/pages\/8099\/revisions\/10739"}],"wp:featuredmedia":[{"embeddable":true,"href":"https:\/\/iesplazadelacruz.educacion.navarra.es\/web1\/wp-json\/wp\/v2\/media\/8101"}],"wp:attachment":[{"href":"https:\/\/iesplazadelacruz.educacion.navarra.es\/web1\/wp-json\/wp\/v2\/media?parent=8099"}],"curies":[{"name":"wp","href":"https:\/\/api.w.org\/{rel}","templated":true}]}}