{"id":1618,"date":"2016-10-09T20:10:13","date_gmt":"2016-10-09T18:10:13","guid":{"rendered":"http:\/\/iesplazadelacruz.educacion.navarra.es\/web1\/?page_id=1618"},"modified":"2026-03-20T14:48:03","modified_gmt":"2026-03-20T13:48:03","slug":"patrimonio-historico","status":"publish","type":"page","link":"https:\/\/iesplazadelacruz.educacion.navarra.es\/web1\/patrimonio-historico\/","title":{"rendered":"Patrimonio Hist\u00f3rico"},"content":{"rendered":"<p><img loading=\"lazy\" decoding=\"async\" class=\"aligncenter wp-image-4683 \" src=\"https:\/\/iesplazadelacruz.educacion.navarra.es\/web1\/wp-content\/uploads\/2019\/03\/Trabajando_mantenimieto_Patrimonio_IES_Plaza_Cruz-300x75.jpg\" alt=\"\" width=\"616\" height=\"154\" srcset=\"https:\/\/iesplazadelacruz.educacion.navarra.es\/web1\/wp-content\/uploads\/2019\/03\/Trabajando_mantenimieto_Patrimonio_IES_Plaza_Cruz-300x75.jpg 300w, https:\/\/iesplazadelacruz.educacion.navarra.es\/web1\/wp-content\/uploads\/2019\/03\/Trabajando_mantenimieto_Patrimonio_IES_Plaza_Cruz-768x192.jpg 768w, https:\/\/iesplazadelacruz.educacion.navarra.es\/web1\/wp-content\/uploads\/2019\/03\/Trabajando_mantenimieto_Patrimonio_IES_Plaza_Cruz-1024x257.jpg 1024w, https:\/\/iesplazadelacruz.educacion.navarra.es\/web1\/wp-content\/uploads\/2019\/03\/Trabajando_mantenimieto_Patrimonio_IES_Plaza_Cruz-1600x400.jpg 1600w\" sizes=\"auto, (max-width: 616px) 100vw, 616px\" \/><\/p>\n<p>El IES Plaza de la Cruz conserva gran cantidad de material de su Patrimonio Hist\u00f3rico gracias a la preocupaci\u00f3n por su mantenimiento que han tenido las personas que han pasado por el instituto (profesores, equipos directivos, conserjes,\u00a0 administrativos, personal voluntario, alumnos, &#8230;).<\/p>\n<p>En febrero de 2022 el instituto recibe la Plaza de Honor\u00a0 de la Orden de Alfonso X el Sabio. Este reconocimiento est\u00e1 contemplado en el <a href=\"https:\/\/google.us14.list-manage.com\/track\/click?u=811cac557b5e65c6f73e63c27&amp;id=c4fee34545&amp;e=02f13f657f\" target=\"_blank\" rel=\"noreferrer noopener\" data-saferedirecturl=\"https:\/\/www.google.com\/url?q=https:\/\/google.us14.list-manage.com\/track\/click?u%3D811cac557b5e65c6f73e63c27%26id%3Dc4fee34545%26e%3D02f13f657f&amp;source=gmail&amp;ust=1684061198698000&amp;usg=AOvVaw2zpNuzW_Wd9GiMpIDPabe4\">RD 954\/1988 del 2 de septiembre<\/a>.\u00a0<\/p>\n<ol>\n<li><a href=\"https:\/\/drive.google.com\/open?id=0B8wUsilF5DBpbWhnYW9VdkppR1ZnNFFzZm41SWZkQlFWSlRn\" target=\"_blank\" rel=\"noopener noreferrer\">Breve historia del Instituto<\/a><\/li>\n<li>Conservaci\u00f3n y exposici\u00f3n del Patrimonio del Instituto\n<ol>\n<li><a href=\"https:\/\/docs.google.com\/document\/d\/1dYTPd4SK4mejnqwMZf6EWSOglC1E1a3hgMGyE2n76mE\/edit?usp=sharing\" target=\"_blank\" rel=\"noopener noreferrer\">Colaboradores trabajando en su conservaci\u00f3n<\/a><\/li>\n<li><a href=\"https:\/\/docs.google.com\/document\/d\/1fiXeCetysJ6a2wALvjwoY15YoiwAN120W94PxhzOkm4\/edit?usp=sharing\" target=\"_blank\" rel=\"noopener noreferrer\">Ordenaci\u00f3n, clasificaci\u00f3n y archivo de expedientes de alumnos<\/a><\/li>\n<li><a href=\"https:\/\/docs.google.com\/document\/d\/1jsOEiMka1BJos5AVfxWIwhqNRYdlwOvEaFvTMkY0om0\/\" target=\"_blank\" rel=\"noopener noreferrer\">Ordenaci\u00f3n, clasificaci\u00f3n y archivo de libros y materiales did\u00e1cticos<\/a><\/li>\n<li>Expositores en el Instituto\n<ol>\n<li>Elaboraci\u00f3n de nuevos expositores\n<ol>\n<li><a href=\"https:\/\/docs.google.com\/document\/d\/1rJ6NkzTQEPNHsIy-efqm0w2VBVJwCwyNQ1gGSk71eag\/edit?usp=sharing\" target=\"_blank\" rel=\"noopener noreferrer\">Zona\u00a0 de direcci\u00f3n<\/a><\/li>\n<li><a href=\"https:\/\/docs.google.com\/document\/d\/1S4Qnb9rwJc59UHLCAaG0Q6-7iGfYTy9ODb9VBfyhndE\/\" target=\"_blank\" rel=\"noopener noreferrer\">M\u00f3viles (elaborados Escuela Taller Etxabakoitz)<\/a><\/li>\n<\/ol>\n<\/li>\n<li>Restauraci\u00f3n de antiguos armarios expositores\n<ol>\n<li><a href=\"https:\/\/docs.google.com\/document\/d\/16W43gt3oP5C2_CzxeDmmr5AOnojCDMIuWaJx31FEIac\/edit?usp=sharing\" target=\"_blank\" rel=\"noopener noreferrer\">Expositores material de Biolog\u00eda,\u00a0 F\u00edsica y Qu\u00edmica<\/a><\/li>\n<\/ol>\n<\/li>\n<\/ol>\n<\/li>\n<li><a href=\"https:\/\/docs.google.com\/document\/d\/1zH7l_4oi3GO1sebfb06yqLvIsarq1-x_QSCaYbKn2hs\/edit\" target=\"_blank\" rel=\"noopener noreferrer\">M\u00e1quinas de proyecci\u00f3n: nueva sala y v\u00eddeos explicativos de uso.<\/a><\/li>\n<li><a href=\"https:\/\/docs.google.com\/document\/d\/1FgTPYRuNCryoKoTB8VUoPVkk3-Wef4E1zs-vMucmdrw\/\">Ficha sobre el funcionamiento del reloj<\/a>.<\/li>\n<\/ol>\n<\/li>\n<li>Ciencias Naturales\n<ol>\n<li><a href=\"https:\/\/docs.google.com\/document\/d\/1og9oA9gNKFro3ew9d7mqHVhCp_gogZAaXo9v2WIRkRQ\/edit?usp=sharing\" target=\"_blank\" rel=\"noopener noreferrer\">L\u00e1minas de Ciencias Naturales<\/a><\/li>\n<li><a href=\"https:\/\/drive.google.com\/file\/d\/1sG0pROk8aRqBtWrqssD43kGt9dHymJRB\/view?usp=sharing\">V\u00eddeo restauraci\u00f3n l\u00e1minas de anatom\u00eda<\/a><\/li>\n<li>Museo de Ciencias\n<ol>\n<li><a href=\"https:\/\/docs.google.com\/document\/d\/1E4YBnPSx2JomHQTQfPH7CEyu_tSbohQL1m04MNfBExA\/edit?usp=sharing\" target=\"_blank\" rel=\"noopener noreferrer\">Restauraci\u00f3n de animales disecados.<\/a><\/li>\n<li><a href=\"https:\/\/docs.google.com\/document\/d\/1NAZBpzl58TBGBM0msdZVGepFwARlnSNzliRkKCMKOVQ\/\" target=\"_blank\" rel=\"noopener noreferrer\">Restauraci\u00f3n de animales conservados en formol.<\/a><\/li>\n<li><a href=\"https:\/\/youtu.be\/8bNb_er9WH4\" target=\"_blank\" rel=\"noopener\">Restauraci\u00f3n del hombre cl\u00e1stico<\/a><\/li>\n<\/ol>\n<\/li>\n<li><a href=\"https:\/\/docs.google.com\/document\/d\/10xymP8S7Kmb8SSDdwbWSAtpIgR95VFoyx_hNBz-c654\/edit?usp=sharing\" target=\"_blank\" rel=\"noopener noreferrer\">Cajas expositoras de animales<\/a><\/li>\n<li><a href=\"https:\/\/docs.google.com\/document\/d\/1JpB2d6KbJ3wNb-PuWb78vCYDaQvURVvHW5FsXztqqT0\/edit\" target=\"_blank\" rel=\"noopener noreferrer\">Modelos de Setas<\/a><\/li>\n<\/ol>\n<\/li>\n<li>F\u00edsica y Qu\u00edmica\n<ol>\n<li><a href=\"https:\/\/docs.google.com\/document\/d\/1Mrv_PYK7yCWylbz3Z97MjKimgPWBQKQuGwERZmytaus\/edit?usp=sharing\" target=\"_blank\" rel=\"noopener noreferrer\">Instrumentos y v\u00eddeos explicativos de su uso<\/a><\/li>\n<\/ol>\n<\/li>\n<li>Geograf\u00eda e Historia\n<ol>\n<li><a href=\"https:\/\/docs.google.com\/document\/d\/1tvbHwRVMvJgVAj7ymf8RSHvJziYjxSslqCvm469B5ZI\/edit?usp=sharing\" target=\"_blank\" rel=\"noopener noreferrer\">Mapas hist\u00f3ricos<\/a><\/li>\n<\/ol>\n<\/li>\n<li><a href=\"https:\/\/drive.google.com\/open?id=0B7TIUrI0aI0YT2xtRnc3cHAyZk0\" target=\"_blank\" rel=\"noopener noreferrer\">Apariciones antiguas en prensa (1930-1940)<\/a><\/li>\n<li>Patrimonio fotogr\u00e1fico<\/li>\n<li>En el exterior\n<ol>\n<li><a href=\"https:\/\/docs.google.com\/document\/d\/1x82h_gGHeid7YIakBgaz829dOnE4DISePT6NmBuO0nI\/\" target=\"_blank\" rel=\"noopener noreferrer\">Publicaciones y noticias<\/a><\/li>\n<li>Conferencias<\/li>\n<\/ol>\n<\/li>\n<li>Nuestros alumnos trabajan por su difusi\u00f3n\n<ol>\n<li>Participaci\u00f3n en el concurso EuroScola (<a href=\"https:\/\/www.youtube.com\/watch?v=4qTlvnWOOso&amp;feature=youtu.be\" target=\"_blank\" rel=\"noopener noreferrer\">V\u00eddeo<\/a> y <a href=\"https:\/\/www.youtube.com\/watch?v=LcYIN7xl7r8&amp;feature=youtu.be\" target=\"_blank\" rel=\"noopener noreferrer\">Making off<\/a>)<\/li>\n<li><a href=\"https:\/\/docs.google.com\/document\/d\/14e7FtKSBhjk0jojDUa534mHXddENCtotfWUD-veXMuQ\/\" target=\"_blank\" rel=\"noopener noreferrer\">V\u00eddeos uso maquetas did\u00e1cticas sobre los tipos de motores<\/a><\/li>\n<li><a href=\"https:\/\/docs.google.com\/document\/d\/1msPM2Hv573-uHOjr77AQRkrux_0uJfDTQRa9mkqVGMk\/edit?usp=sharing\" target=\"_blank\" rel=\"noopener noreferrer\">V\u00eddeos explicativos del uso de la m\u00e1quina de calculo de medias<\/a><\/li>\n<\/ol>\n<\/li>\n<\/ol>\n<p><img loading=\"lazy\" decoding=\"async\" class=\"size-thumbnail wp-image-4775 alignright\" src=\"https:\/\/iesplazadelacruz.educacion.navarra.es\/web1\/wp-content\/uploads\/2019\/03\/IMG-20180419-WA0002-150x150.jpg\" alt=\"\" width=\"150\" height=\"150\" \/><\/p>\n<p>\u00a0 \u00a0 10. <a href=\"https:\/\/iesplazadelacruz.educacion.navarra.es\/web1\/blog\/2023\/02\/23\/dia-nacional-de-los-centros-historicos\/\">Visita guiada con motivo de la celebraci\u00f3n del D\u00eda Nacional de los Institutos\u00a0 \u00a0 \u00a0 \u00a0 \u00a0Hist\u00f3ricos.<\/a><\/p>\n<p>\u00a0 \u00a0 11. Agrupaci\u00f3n de institutos hist\u00f3ricos: Innovando a trav\u00e9s de su patrimonio:<\/p>\n<ol>\n<li style=\"list-style-type: none;\">\n<ol>\n<li><a href=\"https:\/\/iesplazadelacruz.educacion.navarra.es\/web1\/blog\/2023\/02\/27\/institutos-historicos-ih-innovando-a-traves-de-su-patrimonio\/\">Visita al IES Cardenal Cisneros de Madrid.<\/a><\/li>\n<li>Visita al IES Antonio Machado de Soria.<\/li>\n<\/ol>\n<\/li>\n<\/ol>\n<p><img loading=\"lazy\" decoding=\"async\" class=\"alignleft wp-image-5731\" src=\"https:\/\/iesplazadelacruz.educacion.navarra.es\/web1\/wp-content\/uploads\/2019\/10\/logo_andpih.jpg\" alt=\"\" width=\"139\" height=\"167\" \/>El instituto acogi\u00f3 en Pamplona en junio de 2021, de forma online las <em><a href=\"http:\/\/www.asociacioninstitutoshistoricos.org\/?page_id=71\" target=\"_blank\" rel=\"noopener noreferrer\">XIV Jornadas de Institutos Hist\u00f3ricos<\/a> <\/em>organizadas por la <a href=\"http:\/\/www.asociacioninstitutoshistoricos.org\/\" target=\"_blank\" rel=\"noopener noreferrer\">Asociaci\u00f3n para la Defensa del Patrimonio de los Institutos Hist\u00f3ricos<\/a>.<\/p>\n\n\n<p>Este curso el Centro celebrar\u00e1 las <a href=\"https:\/\/iesplazadelacruz.educacion.navarra.es\/web1\/jornadasdeinstitutoshistoricos\/\">XIX Jornadas de Institutos Hist\u00f3ricos<\/a> del 30 de junio al 3 de julio de 2026, esta vez de forma presencial. <\/p>\n","protected":false},"excerpt":{"rendered":"<p>El IES Plaza de la Cruz conserva gran cantidad de material de su Patrimonio Hist\u00f3rico gracias a la preocupaci\u00f3n por su mantenimiento que han tenido las personas que han pasado por el instituto (profesores, equipos directivos, conserjes,\u00a0 administrativos, personal voluntario, alumnos, &#8230;). En febrero de 2022 el instituto recibe la Plaza de Honor\u00a0 de la [&hellip;]<\/p>\n","protected":false},"author":1,"featured_media":0,"parent":0,"menu_order":0,"comment_status":"closed","ping_status":"closed","template":"","meta":{"_genesis_hide_title":false,"_genesis_hide_breadcrumbs":false,"_genesis_hide_singular_image":false,"_genesis_hide_footer_widgets":false,"_genesis_custom_body_class":"","_genesis_custom_post_class":"","_genesis_layout":"","footnotes":""},"class_list":{"0":"post-1618","1":"page","2":"type-page","3":"status-publish","5":"entry","6":"has-post-thumbnail"},"featured_image_src":null,"featured_image_src_square":null,"_links":{"self":[{"href":"https:\/\/iesplazadelacruz.educacion.navarra.es\/web1\/wp-json\/wp\/v2\/pages\/1618","targetHints":{"allow":["GET"]}}],"collection":[{"href":"https:\/\/iesplazadelacruz.educacion.navarra.es\/web1\/wp-json\/wp\/v2\/pages"}],"about":[{"href":"https:\/\/iesplazadelacruz.educacion.navarra.es\/web1\/wp-json\/wp\/v2\/types\/page"}],"author":[{"embeddable":true,"href":"https:\/\/iesplazadelacruz.educacion.navarra.es\/web1\/wp-json\/wp\/v2\/users\/1"}],"replies":[{"embeddable":true,"href":"https:\/\/iesplazadelacruz.educacion.navarra.es\/web1\/wp-json\/wp\/v2\/comments?post=1618"}],"version-history":[{"count":81,"href":"https:\/\/iesplazadelacruz.educacion.navarra.es\/web1\/wp-json\/wp\/v2\/pages\/1618\/revisions"}],"predecessor-version":[{"id":16077,"href":"https:\/\/iesplazadelacruz.educacion.navarra.es\/web1\/wp-json\/wp\/v2\/pages\/1618\/revisions\/16077"}],"wp:attachment":[{"href":"https:\/\/iesplazadelacruz.educacion.navarra.es\/web1\/wp-json\/wp\/v2\/media?parent=1618"}],"curies":[{"name":"wp","href":"https:\/\/api.w.org\/{rel}","templated":true}]}}