{"id":1368,"date":"2016-08-30T17:39:35","date_gmt":"2016-08-30T15:39:35","guid":{"rendered":"http:\/\/iesplazadelacruz.educacion.navarra.es\/web1\/?page_id=1368"},"modified":"2016-08-30T17:39:35","modified_gmt":"2016-08-30T15:39:35","slug":"mision-vision-valores","status":"publish","type":"page","link":"https:\/\/iesplazadelacruz.educacion.navarra.es\/web1\/mision-vision-valores\/","title":{"rendered":"Misi\u00f3n, visi\u00f3n, valores"},"content":{"rendered":"<h1>MISI\u00d3N<\/h1>\n<p><strong>El IES Plaza de la Cruz es un Centro Educativo P\u00fablico que pretende<\/strong>:<\/p>\n<ul>\n<li>Dar una educaci\u00f3n en valores humanos y una formaci\u00f3n acad\u00e9mica adaptada a las necesidades y aspiraciones individuales de los alumnos y de sus familias.<\/li>\n<li>Favorecer la integraci\u00f3n, el desarrollo emocional y la buena convivencia del alumnado sea cual sea su procedencia, promoviendo la cooperaci\u00f3n entre ellos a trav\u00e9s del trabajo en equipo.<\/li>\n<li>Acompa\u00f1ar a nuestro alumnado hacia el \u00e9xito personal, en el \u00e1mbito acad\u00e9mico o laboral, mediante una orientaci\u00f3n personalizada.<\/li>\n<li>Posibilitar el desarrollo profesional del personal que trabaja en el Centro.<\/li>\n<li>Estar abierto a las innovaciones y requerimientos de la comunidad escolar y de la sociedad en general.<\/li>\n<\/ul>\n<h1>VISI\u00d3N<\/h1>\n<p><strong>El IES Plaza de la Cruz aspira a<\/strong>:<\/p>\n<ul>\n<li>Responder a las necesidades educativas de todo el alumnado de forma integradora , respetando las diferencias individuales y culturales.<\/li>\n<li>Formar ciudadanos responsables, creativos, solidarios y aut\u00f3nomos\u00a0 capaces de adaptarse con \u00e9xito\u00a0 a una sociedad en continuo cambio.<\/li>\n<li>Ser un centro innovador, con visi\u00f3n de futuro y capacidad de adaptarse a los cambios, comprometi\u00e9ndonos con la formaci\u00f3n continua del profesorado.<\/li>\n<li>Crear un ambiente de trabajo positivo, cooperativo, de confianza y respeto que promueva en los alumnos el gusto por el aprendizaje\u00a0 y en las familias su implicaci\u00f3n en la vida del Centro.<\/li>\n<li>Ser un referente\u00a0 cultural para el entorno.<\/li>\n<li>Ser un centro que ofrezca una s\u00f3lida formaci\u00f3n en idiomas y una amplia oferta educativa.<\/li>\n<\/ul>\n<h1>VALORES<\/h1>\n<p><strong>Los valores que consideramos adecuado desarrollar y potenciar en nuestra Comunidad Educativa son<\/strong>:<\/p>\n<ul>\n<li>El respeto y la dignidad de todas las personas basado en comportamientos democr\u00e1ticos.<\/li>\n<li>La dedicaci\u00f3n, el esfuerzo, la constancia y la perseverancia.<\/li>\n<li>La inquietud intelectual y el af\u00e1n por el conocimiento como riqueza humana.<\/li>\n<li>El optimismo y el \u00e1nimo constante de mejora.<\/li>\n<li>La creatividad y el esp\u00edritu cr\u00edtico.<\/li>\n<li>La autonom\u00eda y responsabilidad individual.<\/li>\n<li>La cooperaci\u00f3n y trabajo en equipo.<\/li>\n<li>La igualdad de oportunidades favoreciendo la integraci\u00f3n.<\/li>\n<li>La puntualidad y la limpieza.<\/li>\n<li>El cuidado de las instalaciones, del entorno y del medio ambiente.<\/li>\n<\/ul>\n","protected":false},"excerpt":{"rendered":"<p>MISI\u00d3N El IES Plaza de la Cruz es un Centro Educativo P\u00fablico que pretende: Dar una educaci\u00f3n en valores humanos y una formaci\u00f3n acad\u00e9mica adaptada a las necesidades y aspiraciones individuales de los alumnos y de sus familias. Favorecer la integraci\u00f3n, el desarrollo emocional y la buena convivencia del alumnado sea cual sea su procedencia, [&hellip;]<\/p>\n","protected":false},"author":1,"featured_media":0,"parent":0,"menu_order":0,"comment_status":"closed","ping_status":"closed","template":"","meta":{"_genesis_hide_title":false,"_genesis_hide_breadcrumbs":false,"_genesis_hide_singular_image":false,"_genesis_hide_footer_widgets":false,"_genesis_custom_body_class":"","_genesis_custom_post_class":"","_genesis_layout":"","footnotes":""},"class_list":{"0":"post-1368","1":"page","2":"type-page","3":"status-publish","5":"entry"},"featured_image_src":null,"featured_image_src_square":null,"_links":{"self":[{"href":"https:\/\/iesplazadelacruz.educacion.navarra.es\/web1\/wp-json\/wp\/v2\/pages\/1368","targetHints":{"allow":["GET"]}}],"collection":[{"href":"https:\/\/iesplazadelacruz.educacion.navarra.es\/web1\/wp-json\/wp\/v2\/pages"}],"about":[{"href":"https:\/\/iesplazadelacruz.educacion.navarra.es\/web1\/wp-json\/wp\/v2\/types\/page"}],"author":[{"embeddable":true,"href":"https:\/\/iesplazadelacruz.educacion.navarra.es\/web1\/wp-json\/wp\/v2\/users\/1"}],"replies":[{"embeddable":true,"href":"https:\/\/iesplazadelacruz.educacion.navarra.es\/web1\/wp-json\/wp\/v2\/comments?post=1368"}],"version-history":[{"count":1,"href":"https:\/\/iesplazadelacruz.educacion.navarra.es\/web1\/wp-json\/wp\/v2\/pages\/1368\/revisions"}],"predecessor-version":[{"id":1369,"href":"https:\/\/iesplazadelacruz.educacion.navarra.es\/web1\/wp-json\/wp\/v2\/pages\/1368\/revisions\/1369"}],"wp:attachment":[{"href":"https:\/\/iesplazadelacruz.educacion.navarra.es\/web1\/wp-json\/wp\/v2\/media?parent=1368"}],"curies":[{"name":"wp","href":"https:\/\/api.w.org\/{rel}","templated":true}]}}