{"id":2,"date":"2026-03-10T12:11:17","date_gmt":"2026-03-10T11:11:17","guid":{"rendered":"https:\/\/iesplazadelacruz.educacion.navarra.es\/web1\/jornadasdeinstitutoshistoricos\/?page_id=2"},"modified":"2026-03-25T13:55:44","modified_gmt":"2026-03-25T12:55:44","slug":"pagina-ejemplo","status":"publish","type":"page","link":"https:\/\/iesplazadelacruz.educacion.navarra.es\/web1\/jornadasdeinstitutoshistoricos\/","title":{"rendered":"XIX Jornadas de Institutos Hist\u00f3ricos"},"content":{"rendered":"\n<p>Bienvenidos y bienvenidas a la p\u00e1gina web de las XIX Jornadas de Institutos Hist\u00f3ricos que tendr\u00e1n lugar del 30 de junio al 3 de julio en el IES Plaza de la Cruz de Pamplona, Navarra.<\/p>\n\n\n<div class=\"wp-block-image\">\n<figure class=\"aligncenter size-full\"><img loading=\"lazy\" decoding=\"async\" width=\"595\" height=\"842\" src=\"https:\/\/iesplazadelacruz.educacion.navarra.es\/web1\/jornadasdeinstitutoshistoricos\/wp-content\/uploads\/sites\/4\/2026\/03\/cartel_Institutos_WEB.png\" alt=\"\" class=\"wp-image-86\" srcset=\"https:\/\/iesplazadelacruz.educacion.navarra.es\/web1\/jornadasdeinstitutoshistoricos\/wp-content\/uploads\/sites\/4\/2026\/03\/cartel_Institutos_WEB.png 595w, https:\/\/iesplazadelacruz.educacion.navarra.es\/web1\/jornadasdeinstitutoshistoricos\/wp-content\/uploads\/sites\/4\/2026\/03\/cartel_Institutos_WEB-212x300.png 212w\" sizes=\"auto, (max-width: 595px) 100vw, 595px\" \/><\/figure><\/div>\n\n\n<p>Nuestro Instituto se crea el 17 de noviembre de 1845 y hoy, 180 a\u00f1os despu\u00e9s, cuenta con 151 profesores y profesoras y 1201 alumnos y alumnas repartidos en estudios de ESO y Bachillerato diurno y nocturno.<\/p>\n\n\n\n<p>Os invitamos a conocer nuestro centro navegando por nuestra <a href=\"https:\/\/iesplazadelacruz.educacion.navarra.es\/web1\/\">p\u00e1gina web<\/a>, donde se informa de nuestros programas y proyectos:<\/p>\n\n\n\n<ul class=\"wp-block-list\">\n<li>Programa pluriling\u00fce en ingl\u00e9s, franc\u00e9s y alem\u00e1n<\/li>\n\n\n\n<li>Bachillerato de Ciencias y Tecnolog\u00eda, de Humanidades y Ciencias Sociales y de M\u00fasica y Artes Esc\u00e9nicas<\/li>\n\n\n\n<li>Bachillerato de Investigaci\u00f3n<\/li>\n\n\n\n<li>Biblioteca tutorizada<\/li>\n\n\n\n<li>Grupos Interactivos<\/li>\n\n\n\n<li>Erasmus +<\/li>\n\n\n\n<li>Radio Plaza<\/li>\n\n\n\n<li>Revista digital<\/li>\n\n\n\n<li>Taller de Teatro<\/li>\n\n\n\n<li>\u00c1gora Universitaria <\/li>\n<\/ul>\n\n\n\n<figure class=\"wp-block-image size-large\"><img loading=\"lazy\" decoding=\"async\" width=\"1024\" height=\"441\" src=\"https:\/\/iesplazadelacruz.educacion.navarra.es\/web1\/jornadasdeinstitutoshistoricos\/wp-content\/uploads\/sites\/4\/2026\/03\/07_02_Instituto_Color-MUY-PEQUENA-1-1024x441.jpg\" alt=\"\" class=\"wp-image-57\" srcset=\"https:\/\/iesplazadelacruz.educacion.navarra.es\/web1\/jornadasdeinstitutoshistoricos\/wp-content\/uploads\/sites\/4\/2026\/03\/07_02_Instituto_Color-MUY-PEQUENA-1-1024x441.jpg 1024w, https:\/\/iesplazadelacruz.educacion.navarra.es\/web1\/jornadasdeinstitutoshistoricos\/wp-content\/uploads\/sites\/4\/2026\/03\/07_02_Instituto_Color-MUY-PEQUENA-1-300x129.jpg 300w, https:\/\/iesplazadelacruz.educacion.navarra.es\/web1\/jornadasdeinstitutoshistoricos\/wp-content\/uploads\/sites\/4\/2026\/03\/07_02_Instituto_Color-MUY-PEQUENA-1-768x331.jpg 768w, https:\/\/iesplazadelacruz.educacion.navarra.es\/web1\/jornadasdeinstitutoshistoricos\/wp-content\/uploads\/sites\/4\/2026\/03\/07_02_Instituto_Color-MUY-PEQUENA-1-500x215.jpg 500w, https:\/\/iesplazadelacruz.educacion.navarra.es\/web1\/jornadasdeinstitutoshistoricos\/wp-content\/uploads\/sites\/4\/2026\/03\/07_02_Instituto_Color-MUY-PEQUENA-1.jpg 1343w\" sizes=\"auto, (max-width: 1024px) 100vw, 1024px\" \/><\/figure>\n","protected":false},"excerpt":{"rendered":"<p>Bienvenidos y bienvenidas a la p\u00e1gina web de las XIX Jornadas de Institutos Hist\u00f3ricos que tendr\u00e1n lugar del 30 de junio al 3 de julio en el IES Plaza de la Cruz de Pamplona, Navarra. Nuestro Instituto se crea el &hellip; <a href=\"https:\/\/iesplazadelacruz.educacion.navarra.es\/web1\/jornadasdeinstitutoshistoricos\/\">Sigue leyendo <span class=\"meta-nav\">&rarr;<\/span><\/a><\/p>\n","protected":false},"author":639,"featured_media":0,"parent":0,"menu_order":0,"comment_status":"closed","ping_status":"open","template":"sidebar-page.php","meta":{"footnotes":""},"class_list":["post-2","page","type-page","status-publish","hentry"],"featured_image_src":null,"featured_image_src_square":null,"_links":{"self":[{"href":"https:\/\/iesplazadelacruz.educacion.navarra.es\/web1\/jornadasdeinstitutoshistoricos\/wp-json\/wp\/v2\/pages\/2","targetHints":{"allow":["GET"]}}],"collection":[{"href":"https:\/\/iesplazadelacruz.educacion.navarra.es\/web1\/jornadasdeinstitutoshistoricos\/wp-json\/wp\/v2\/pages"}],"about":[{"href":"https:\/\/iesplazadelacruz.educacion.navarra.es\/web1\/jornadasdeinstitutoshistoricos\/wp-json\/wp\/v2\/types\/page"}],"author":[{"embeddable":true,"href":"https:\/\/iesplazadelacruz.educacion.navarra.es\/web1\/jornadasdeinstitutoshistoricos\/wp-json\/wp\/v2\/users\/639"}],"replies":[{"embeddable":true,"href":"https:\/\/iesplazadelacruz.educacion.navarra.es\/web1\/jornadasdeinstitutoshistoricos\/wp-json\/wp\/v2\/comments?post=2"}],"version-history":[{"count":10,"href":"https:\/\/iesplazadelacruz.educacion.navarra.es\/web1\/jornadasdeinstitutoshistoricos\/wp-json\/wp\/v2\/pages\/2\/revisions"}],"predecessor-version":[{"id":87,"href":"https:\/\/iesplazadelacruz.educacion.navarra.es\/web1\/jornadasdeinstitutoshistoricos\/wp-json\/wp\/v2\/pages\/2\/revisions\/87"}],"wp:attachment":[{"href":"https:\/\/iesplazadelacruz.educacion.navarra.es\/web1\/jornadasdeinstitutoshistoricos\/wp-json\/wp\/v2\/media?parent=2"}],"curies":[{"name":"wp","href":"https:\/\/api.w.org\/{rel}","templated":true}]}}