{"id":19,"date":"2018-01-15T16:51:04","date_gmt":"2018-01-15T16:51:04","guid":{"rendered":"https:\/\/iesplazadelacruz.educacion.navarra.es\/web1\/geografiaehistoria\/?page_id=19"},"modified":"2019-09-27T15:14:15","modified_gmt":"2019-09-27T15:14:15","slug":"4oeso-2","status":"publish","type":"page","link":"https:\/\/iesplazadelacruz.educacion.navarra.es\/web1\/geografiaehistoria\/4oeso-2\/","title":{"rendered":"Geograf\u00eda e Historia 4\u00ba ESO"},"content":{"rendered":"<ul>\n<li><a href=\"https:\/\/drive.google.com\/open?id=1Kq9ZjijTVIGO2dmWIHn8i00bMJrgw9db\">Hoja de presentaci\u00f3n<\/a><\/li>\n<li><a href=\"https:\/\/drive.google.com\/open?id=1sNXVwkQ-KuRb9yae3-HZQQr5JW5YVyl2\">Tema 1. El siglo XVIII: la crisis del Antiguo R\u00e9gimen<\/a><\/li>\n<li>Tema 2. La \u00e9poca de las revoluciones liberales<\/li>\n<li>Tema 3. El origen de la industrializaci\u00f3n<\/li>\n<li>Tema 6. La \u00e9poca del imperialismo<\/li>\n<li>Tema 7. La I Guerra Mundial y la Revoluci\u00f3n rusa<\/li>\n<li>Tema 8. El per\u00edodo de entreguerras<\/li>\n<li>Temas 9-10. Espa\u00f1a primer tercio del s. XX y la II Guerra Mundial<\/li>\n<li>Tema 11. Guerra Fr\u00eda y Descolonizaci\u00f3n.<\/li>\n<li>Unit 2: <a href=\"https:\/\/docs.google.com\/presentation\/d\/13w88VrcNoD7WjBFJKFAH3_CBcW4Gg-CoH_VhCj79Fx8\/edit#slide=id.p\" target=\"_blank\" rel=\"noopener noreferrer\">The age of the liberal revolutions<\/a>\u00a0(1789-1870)<\/li>\n<li>Unit 3: <a href=\"https:\/\/docs.google.com\/presentation\/d\/1312MKAoc9Z5oo25ag8l4YQ89nsZ2SiyPUjIuxTo_9iM\/edit#slide=id.p\" target=\"_blank\" rel=\"noopener noreferrer\">The industrialisation<\/a><\/li>\n<li>Unit 5: <a href=\"https:\/\/docs.google.com\/presentation\/d\/1DVyUwU0bnwOGX-v0YmS5l-gXbLyyA1oYJR9UzO144ow\/edit#slide=id.p\" target=\"_blank\" rel=\"noopener noreferrer\">The Age of the imperialism<\/a><\/li>\n<li>Unit 6:\u00a0<a href=\"https:\/\/drive.google.com\/open?id=10sE7hsJ_BzIPjfId0gqEJP6eJrzefbuuna-cJHZ3cGw\">The WW 1 and the Russian Revolution\u00a0<\/a><\/li>\n<li>Unit 7: <a href=\"https:\/\/drive.google.com\/open?id=1k9P_3j4pN9q__iScEItSzV6o0mrM_mTMaQQF_r1vdAA\">The Russian Revolution and the Roaring 20s.\u00a0<\/a><\/li>\n<li>Unit 8: <a href=\"https:\/\/drive.google.com\/open?id=1-r3hKNKGVVjStk_zj0hxY8FIZKWN5dfwENWLlji6gmI\">The Second Republic and the Civil War<\/a><\/li>\n<li>Unit 9: <a href=\"https:\/\/drive.google.com\/open?id=1fVcnrgX0WCpZrSJ03vGmcNx-Gnmi26D2g08mtBTdicY\">Fascism and Nazism (1922-1939)<\/a><\/li>\n<li>Unit 10: <a href=\"https:\/\/drive.google.com\/open?id=1LStw7-zbf0gRa7eVJIBNVpfKMoTyoaL1_T83wGBracs\">The WW2<\/a><\/li>\n<li>Unit 11: <a href=\"https:\/\/drive.google.com\/open?id=1nfTCMmFAppTuWXMH_JwEvZ8oum2nq1a2pmiq-2IZnLw\">The Cold War<\/a><\/li>\n<\/ul>\n","protected":false},"excerpt":{"rendered":"<p>Hoja de presentaci\u00f3n Tema 1. El siglo XVIII: la crisis del Antiguo R\u00e9gimen Tema 2. La \u00e9poca de las revoluciones liberales Tema 3. El origen de la industrializaci\u00f3n Tema 6. La \u00e9poca del imperialismo Tema 7. La I Guerra Mundial &hellip; <a href=\"https:\/\/iesplazadelacruz.educacion.navarra.es\/web1\/geografiaehistoria\/4oeso-2\/\">Sigue leyendo <span class=\"meta-nav\">&rarr;<\/span><\/a><\/p>\n","protected":false},"author":160,"featured_media":0,"parent":0,"menu_order":5,"comment_status":"closed","ping_status":"closed","template":"","meta":{"footnotes":""},"class_list":["post-19","page","type-page","status-publish","hentry"],"featured_image_src":null,"featured_image_src_square":null,"_links":{"self":[{"href":"https:\/\/iesplazadelacruz.educacion.navarra.es\/web1\/geografiaehistoria\/wp-json\/wp\/v2\/pages\/19","targetHints":{"allow":["GET"]}}],"collection":[{"href":"https:\/\/iesplazadelacruz.educacion.navarra.es\/web1\/geografiaehistoria\/wp-json\/wp\/v2\/pages"}],"about":[{"href":"https:\/\/iesplazadelacruz.educacion.navarra.es\/web1\/geografiaehistoria\/wp-json\/wp\/v2\/types\/page"}],"author":[{"embeddable":true,"href":"https:\/\/iesplazadelacruz.educacion.navarra.es\/web1\/geografiaehistoria\/wp-json\/wp\/v2\/users\/160"}],"replies":[{"embeddable":true,"href":"https:\/\/iesplazadelacruz.educacion.navarra.es\/web1\/geografiaehistoria\/wp-json\/wp\/v2\/comments?post=19"}],"version-history":[{"count":19,"href":"https:\/\/iesplazadelacruz.educacion.navarra.es\/web1\/geografiaehistoria\/wp-json\/wp\/v2\/pages\/19\/revisions"}],"predecessor-version":[{"id":869,"href":"https:\/\/iesplazadelacruz.educacion.navarra.es\/web1\/geografiaehistoria\/wp-json\/wp\/v2\/pages\/19\/revisions\/869"}],"wp:attachment":[{"href":"https:\/\/iesplazadelacruz.educacion.navarra.es\/web1\/geografiaehistoria\/wp-json\/wp\/v2\/media?parent=19"}],"curies":[{"name":"wp","href":"https:\/\/api.w.org\/{rel}","templated":true}]}}

Geografía e Historia 4º ESO

<ul>
<li><a href="https://drive.google.com/open?id=1Kq9ZjijTVIGO2dmWIHn8i00bMJrgw9db">Hoja de presentación</a></li>
<li><a href="https://drive.google.com/open?id=1sNXVwkQ-KuRb9yae3-HZQQr5JW5YVyl2">Tema 1. El siglo XVIII: la crisis del Antiguo Régimen</a></li>
<li>Tema 2. La época de las revoluciones liberales</li>
<li>Tema 3. El origen de la industrialización</li>
<li>Tema 6. La época del imperialismo</li>
<li>Tema 7. La I Guerra Mundial y la Revolución rusa</li>
<li>Tema 8. El período de entreguerras</li>
<li>Temas 9-10. España primer tercio del s. XX y la II Guerra Mundial</li>
<li>Tema 11. Guerra Fría y Descolonización.</li>
<li>Unit 2: <a href="https://docs.google.com/presentation/d/13w88VrcNoD7WjBFJKFAH3_CBcW4Gg-CoH_VhCj79Fx8/edit#slide=id.p" target="_blank" rel="noopener noreferrer">The age of the liberal revolutions</a> (1789-1870)</li>
<li>Unit 3: <a href="https://docs.google.com/presentation/d/1312MKAoc9Z5oo25ag8l4YQ89nsZ2SiyPUjIuxTo_9iM/edit#slide=id.p" target="_blank" rel="noopener noreferrer">The industrialisation</a></li>
<li>Unit 5: <a href="https://docs.google.com/presentation/d/1DVyUwU0bnwOGX-v0YmS5l-gXbLyyA1oYJR9UzO144ow/edit#slide=id.p" target="_blank" rel="noopener noreferrer">The Age of the imperialism</a></li>
<li>Unit 6: <a href="https://drive.google.com/open?id=10sE7hsJ_BzIPjfId0gqEJP6eJrzefbuuna-cJHZ3cGw">The WW 1 and the Russian Revolution </a></li>
<li>Unit 7: <a href="https://drive.google.com/open?id=1k9P_3j4pN9q__iScEItSzV6o0mrM_mTMaQQF_r1vdAA">The Russian Revolution and the Roaring 20s. </a></li>
<li>Unit 8: <a href="https://drive.google.com/open?id=1-r3hKNKGVVjStk_zj0hxY8FIZKWN5dfwENWLlji6gmI">The Second Republic and the Civil War</a></li>
<li>Unit 9: <a href="https://drive.google.com/open?id=1fVcnrgX0WCpZrSJ03vGmcNx-Gnmi26D2g08mtBTdicY">Fascism and Nazism (1922-1939)</a></li>
<li>Unit 10: <a href="https://drive.google.com/open?id=1LStw7-zbf0gRa7eVJIBNVpfKMoTyoaL1_T83wGBracs">The WW2</a></li>
<li>Unit 11: <a href="https://drive.google.com/open?id=1nfTCMmFAppTuWXMH_JwEvZ8oum2nq1a2pmiq-2IZnLw">The Cold War</a></li>
</ul>

<p>Hoja de presentación Tema 1. El siglo XVIII: la crisis del Antiguo Régimen Tema 2. La época de las revoluciones liberales Tema 3. El origen de la industrialización Tema 6. La época del imperialismo Tema 7. La I Guerra Mundial &hellip; <a href="https://iesplazadelacruz.educacion.navarra.es/web1/geografiaehistoria/4oeso-2/">Sigue leyendo <span class="meta-nav">&rarr;</span></a></p>
